{"id":270,"date":"2024-03-17T13:00:24","date_gmt":"2024-03-17T10:00:24","guid":{"rendered":"https:\/\/aol.gen.tr\/?page_id=270"},"modified":"2024-03-17T13:31:12","modified_gmt":"2024-03-17T10:31:12","slug":"dask","status":"publish","type":"page","link":"https:\/\/aol.gen.tr\/?page_id=270","title":{"rendered":"DASK"},"content":{"rendered":"\n<p><strong><font size=\"5\"><mark style=\"background-color:rgba(0, 0, 0, 0)\" class=\"has-inline-color has-secondary-bg-color-color\">DASK<\/mark><\/font><\/strong><\/p>\n\n\n\n<p>Zorunlu Deprem Sigortas\u0131 teminat\u0131, kamu t\u00fczel ki\u015fili\u011fini haiz ve kar amac\u0131 g\u00fctmeyen Do\u011fal Afet Sigortalar\u0131 Kurumu taraf\u0131ndan verilmektedir.<br><br>Sigorta poli\u00e7eleri DASK nam ve hesab\u0131na yetkili sigorta \u015firketleri, bu \u015firketlerin acenteleri ve banka \u015fubeleri taraf\u0131ndan d\u00fczenlenmektedir. Firmam\u0131z, di\u011fer t\u00fcm sigorta hizmetlerinde oldu\u011fu gibi Zorunlu Deprem Sigortas\u0131 ile de g\u00fcvenli ve huzurlu bir hayat\u0131 sizlere sunmaktad\u0131r.<\/p>\n\n\n\n<p><strong>Neden Zorunlu Deprem Sigortas\u0131 Yapt\u0131rmal\u0131y\u0131m?<\/strong><\/p>\n\n\n\n<p>\u00dclkemiz y\u00fcksek riskli deprem ku\u015faklar\u0131ndan birinde yer almaktad\u0131r. Depremin do\u011frudan neden oldu\u011fu maddi zararlar ile deprem sonucu meydana gelen yang\u0131n, infilak, dev dalga (tsunami) veya yer kaymas\u0131n\u0131n kendinize ve sevdiklerinize verebilece\u011fi maddi zararlar\u0131n kar\u015f\u0131lanabilmesi i\u00e7in vakit kaybetmeden Zorunlu Deprem Sigortan\u0131z\u0131 yapt\u0131rman\u0131z\u0131 \u00f6neriyoruz. Zorunlu Deprem Sigortas\u0131 Do\u011fal Afet Sigortalar\u0131 Kurumu (DASK) taraf\u0131ndan sunulmaktad\u0131r.<\/p>\n\n\n\n<p><\/p>\n","protected":false},"excerpt":{"rendered":"<p>DASK Zorunlu Deprem Sigortas\u0131 teminat\u0131, kamu t\u00fczel ki\u015fili\u011fini haiz ve kar amac\u0131 g\u00fctmeyen Do\u011fal Afet Sigortalar\u0131 Kurumu taraf\u0131ndan verilmektedir. Sigorta poli\u00e7eleri DASK nam ve hesab\u0131na yetkili sigorta \u015firketleri, bu \u015firketlerin acenteleri ve banka \u015fubeleri taraf\u0131ndan d\u00fczenlenmektedir. Firmam\u0131z, di\u011fer t\u00fcm sigorta hizmetlerinde oldu\u011fu gibi Zorunlu Deprem Sigortas\u0131 ile de g\u00fcvenli ve huzurlu bir hayat\u0131 sizlere sunmaktad\u0131r. [&hellip;]<\/p>\n","protected":false},"author":1,"featured_media":0,"parent":0,"menu_order":0,"comment_status":"closed","ping_status":"closed","template":"","meta":{"footnotes":""},"class_list":["post-270","page","type-page","status-publish","hentry"],"_links":{"self":[{"href":"https:\/\/aol.gen.tr\/index.php?rest_route=\/wp\/v2\/pages\/270","targetHints":{"allow":["GET"]}}],"collection":[{"href":"https:\/\/aol.gen.tr\/index.php?rest_route=\/wp\/v2\/pages"}],"about":[{"href":"https:\/\/aol.gen.tr\/index.php?rest_route=\/wp\/v2\/types\/page"}],"author":[{"embeddable":true,"href":"https:\/\/aol.gen.tr\/index.php?rest_route=\/wp\/v2\/users\/1"}],"replies":[{"embeddable":true,"href":"https:\/\/aol.gen.tr\/index.php?rest_route=%2Fwp%2Fv2%2Fcomments&post=270"}],"version-history":[{"count":2,"href":"https:\/\/aol.gen.tr\/index.php?rest_route=\/wp\/v2\/pages\/270\/revisions"}],"predecessor-version":[{"id":289,"href":"https:\/\/aol.gen.tr\/index.php?rest_route=\/wp\/v2\/pages\/270\/revisions\/289"}],"wp:attachment":[{"href":"https:\/\/aol.gen.tr\/index.php?rest_route=%2Fwp%2Fv2%2Fmedia&parent=270"}],"curies":[{"name":"wp","href":"https:\/\/api.w.org\/{rel}","templated":true}]}}