{"id":70,"date":"2024-03-16T09:32:20","date_gmt":"2024-03-16T09:32:20","guid":{"rendered":"https:\/\/aol.gen.tr\/?page_id=70"},"modified":"2024-03-17T13:37:32","modified_gmt":"2024-03-17T10:37:32","slug":"saglik-sigortasi","status":"publish","type":"page","link":"https:\/\/aol.gen.tr\/?page_id=70","title":{"rendered":"Sa\u011fl\u0131k Sigortas\u0131"},"content":{"rendered":"\n<p><strong><font size=\"5\"><mark style=\"background-color:rgba(0, 0, 0, 0)\" class=\"has-inline-color has-secondary-bg-color-color\">Tamamlay\u0131c\u0131 Sa\u011fl\u0131k Sigortas\u0131 &#8211; \u00d6zel Sa\u011fl\u0131k Sigortas\u0131<\/mark><\/font><\/strong><\/p>\n\n\n\n<p>\u00d6zel Sa\u011fl\u0131k Sigortas\u0131, diledi\u011finiz doktor ya da sa\u011fl\u0131k kurumunu se\u00e7me \u00f6zg\u00fcrl\u00fc\u011f\u00fc sa\u011flar. Sigortal\u0131lar\u0131n herhangi bir kaza ya da hastal\u0131k sonucu ortaya \u00e7\u0131kan ayakta ya da yatarak te\u015fhis ve tedavilerine ait masraflar, yurti\u00e7inde veya d\u00fcnyan\u0131n neresinde olurlarsa olsun kar\u015f\u0131lan\u0131r. Sa\u011fl\u0131k sigortas\u0131 bu \u00f6zelli\u011fi ile olas\u0131 y\u00fcksek mebla\u011fl\u0131 sa\u011fl\u0131k giderlerini kar\u015f\u0131layarak, sigortal\u0131lar\u0131n en zor anlar\u0131nda en b\u00fcy\u00fck yard\u0131mc\u0131s\u0131 olur.<\/p>\n\n\n\n<p>Tamamlay\u0131c\u0131 sa\u011fl\u0131k sigortalr\u0131 ise SGK&#8217;n\u0131n anla\u015fmal\u0131 oldu\u011fu \u00f6zel hastanelerde hizmet alman\u0131z\u0131 sa\u011flarken ortaya \u00e7\u0131kacak olan farklar\u0131n \u00f6denmesini sa\u011flayan \u00e7ok faydal\u0131 ve pratik ve hesapl\u0131&nbsp;bir sa\u011fl\u0131k sigortas\u0131 \u00fcr\u00fcn\u00fcd\u00fcr.&nbsp;<\/p>\n\n\n\n<p>\u00dccretli ya da y\u0131ll\u0131k beyanname veren m\u00fckellefler, \u00f6dedikleri sigorta primini vergi matrah\u0131ndan da indirebilir. Bu imkandan yararlanabilmek i\u00e7in primlerin ait olunan vadelerde \u00f6denmesi gerekir.<\/p>\n\n\n\n<p><\/p>\n","protected":false},"excerpt":{"rendered":"<p>Tamamlay\u0131c\u0131 Sa\u011fl\u0131k Sigortas\u0131 &#8211; \u00d6zel Sa\u011fl\u0131k Sigortas\u0131 \u00d6zel Sa\u011fl\u0131k Sigortas\u0131, diledi\u011finiz doktor ya da sa\u011fl\u0131k kurumunu se\u00e7me \u00f6zg\u00fcrl\u00fc\u011f\u00fc sa\u011flar. Sigortal\u0131lar\u0131n herhangi bir kaza ya da hastal\u0131k sonucu ortaya \u00e7\u0131kan ayakta ya da yatarak te\u015fhis ve tedavilerine ait masraflar, yurti\u00e7inde veya d\u00fcnyan\u0131n neresinde olurlarsa olsun kar\u015f\u0131lan\u0131r. Sa\u011fl\u0131k sigortas\u0131 bu \u00f6zelli\u011fi ile olas\u0131 y\u00fcksek mebla\u011fl\u0131 sa\u011fl\u0131k giderlerini [&hellip;]<\/p>\n","protected":false},"author":1,"featured_media":0,"parent":0,"menu_order":0,"comment_status":"closed","ping_status":"closed","template":"","meta":{"footnotes":""},"class_list":["post-70","page","type-page","status-publish","hentry"],"_links":{"self":[{"href":"https:\/\/aol.gen.tr\/index.php?rest_route=\/wp\/v2\/pages\/70","targetHints":{"allow":["GET"]}}],"collection":[{"href":"https:\/\/aol.gen.tr\/index.php?rest_route=\/wp\/v2\/pages"}],"about":[{"href":"https:\/\/aol.gen.tr\/index.php?rest_route=\/wp\/v2\/types\/page"}],"author":[{"embeddable":true,"href":"https:\/\/aol.gen.tr\/index.php?rest_route=\/wp\/v2\/users\/1"}],"replies":[{"embeddable":true,"href":"https:\/\/aol.gen.tr\/index.php?rest_route=%2Fwp%2Fv2%2Fcomments&post=70"}],"version-history":[{"count":4,"href":"https:\/\/aol.gen.tr\/index.php?rest_route=\/wp\/v2\/pages\/70\/revisions"}],"predecessor-version":[{"id":300,"href":"https:\/\/aol.gen.tr\/index.php?rest_route=\/wp\/v2\/pages\/70\/revisions\/300"}],"wp:attachment":[{"href":"https:\/\/aol.gen.tr\/index.php?rest_route=%2Fwp%2Fv2%2Fmedia&parent=70"}],"curies":[{"name":"wp","href":"https:\/\/api.w.org\/{rel}","templated":true}]}}